s the highest common factor of 550 and 173179150?
50
What is the highest common divisor of 38380 and 889580?
380
Calculate the greatest common divisor of 41 and 37596877.
41
What is the highest common divisor of 20276 and 270692?
148
What is the highest common factor of 732 and 837652?
244
Calculate the greatest common factor of 1391 and 79066.
13
Calculate the highest common factor of 239526 and 47826.
18
What is the greatest common divisor of 701874370 and 10?
10
What is the greatest common divisor of 57 and 194894400?
57
What is the greatest common divisor of 716526 and 810?
162
Calculate the greatest common divisor of 7380 and 561700.
820
Calculate the highest common factor of 125221086 and 848.
106
Calculate the greatest common factor of 1278462 and 8610.
246
Calculate the greatest common divisor of 966 and 18838518.
138
What is the highest common factor of 9781725 and 3690?
15
What is the highest common divisor of 2070555 and 223?
223
Calculate the greatest common divisor of 124302730 and 2510.
2510
Calculate the highest common divisor of 1936 and 44856636.
484
What is the highest common divisor of 54579083 and 2795?
559
What is the highest common factor of 1017446 and 51671?
163
What is the highest common factor of 1393190 and 715244?
2194
Calculate the greatest common divisor of 38726500 and 760.
20
What is the highest common divisor of 1709940 and 1620?
60
What is the greatest common divisor of 109540625 and 1250?
625
Calculate the highest common factor of 2025881886 and 42.
42
Calculate the highest common divisor of 119974627 and 34.
17
Calculate the highest common divisor of 924 and 15619450.
154
What is the highest common divisor of 46639250 and 290?
290
Calculate the highest common divisor of 758 and 275065693.
379
Calculate the highest common factor of 137394 and 50320.
34
Calculate the highest common divisor of 565526693 and 179.
179
What is the highest common factor of 405140 and 502115?
2155
What is the greatest common divisor of 7 and 55091351?
7
Calculate the highest common factor of 84 and 16707732.
12
Calculate the highest common factor of 296685 and 13395.
285
What is the highest common divisor of 1350 and 2705850?
450
What is the highest common factor of 325119 and 78144?
111
What is the greatest common factor of 166 and 10916575?
83
What is the highest common factor of 830 and 4393439?
83
Calculate the greatest common factor of 513391 and 31.
31
What is the greatest common divisor of 1941719 and 4797?
533
Calculate the highest common factor of 447274968 and 3983.
3983
Calculate the highest common divisor of 678 and 11457974.
226
Calculate the greatest common divisor of 74112 and 15568731.
579
Calculate the highest common divisor of 18 and 345720933.
9
Calculate the highest common divisor of 191029 and 11849.
289
Calculate the highest common factor of 74031197 and 859.
859
What is the highest common divisor of 20 and 7744055?
5
What is the highest common divisor of 23 and 11018541?
23
Calculate the highest common factor of 9395362 and 874.
46
What is the greatest common divisor of 129 and 19079143?
43
What is the highest common divisor of 124712 and 728098?
1834
Calculate the greatest common divisor of 14851684 and 1659.
79
Calculate the greatest common divisor of 2 and 136549939.
1
Calculate the highest common divisor of 97754 and 520474.
2642
What is the greatest common factor of 421851353 and 616?
77
What is the greatest common divisor of 5065045 and 5?
5
What is the greatest common factor of 5424 and 58516?
4
Calculate the highest common factor of 779650 and 248.
62
What is the highest common divisor of 12992768 and 256?
256
Calculate the highest common divisor of 1068417 and 20979.
189
Calculate the highest common divisor of 146369970 and 270.
270
Calculate the greatest common divisor of 4568704 and 99456.
896
Calculate the highest common factor of 11080 and 1654.
2
Calculate the greatest common factor of 13750 and 505472.
22
What is the greatest common factor of 266 and 23141258?
14
Calculate the highest common divisor of 33379185 and 10486.
749
What is the greatest common factor of 202 and 11176155?
101
Calculate the highest common factor of 50816 and 1591176.
3176
Calculate the greatest common factor of 156166100 and 25.
25
Calculate the greatest common divisor of 1392 and 3574056.
24
What is the highest common divisor of 5435058 and 1374?
6
Calculate the highest common divisor of 11556375 and 1125.
375
What is the highest common divisor of 9168 and 6551682?
1146
What is the highest common factor of 30456 and 8914536?
648
What is the highest common factor of 26405744 and 19?
19
Calculate the greatest common divisor of 104387967 and 3580.
179
Calculate the highest common factor of 32305 and 287753557.
6461
Calculate the greatest common factor of 676952 and 74888.
296
What is the greatest common factor of 25662 and 15197?
91
What is the highest common divisor of 45520 and 3634772?
2276
What is the highest common divisor of 8888 and 749232?
88
Calculate the highest common factor of 175624 and 32.
8
Calculate the highest common factor of 183774 and 3181274.
218
Calculate the greatest common factor of 23713550 and 98.
98
What is the highest common divisor of 34237 and 4201442?
511
What is the greatest common divisor of 30106710 and 9840?
1230
What is the greatest common factor of 528 and 57182208?
48
What is the highest common divisor of 36709084 and 992?
124
Calculate the highest common factor of 592 and 2767059800.
296
Calculate the greatest common divisor of 144149 and 299813.
47
Calculate the highest common factor of 5154541 and 7.
7
Calculate the greatest common divisor of 176 and 115080020.
44
What is the highest common divisor of 2587668 and 55581?
573
What is the greatest common factor of 66 and 122631927?
33
Calculate the highest common factor of 711 and 188257.
79
What is the highest common divisor of 2674 and 761740?
14
What is the greatest common factor of 11949106 and 2510?
502
Calculate the greatest common factor of 18148541 and 69.
23
What is the highest common factor of 1472 and 1667408?
368
What is the greatest common divisor of 93684619 and 2401?
2401
What is the greatest common factor of 54595 and 850645?
305
What is the greatest common factor of 138841684 and 372?
124
What is the greatest common factor of 54027 and 91379?
667
What is the greatest common divisor of 35298 and 77274?
954
What is the greatest common divisor of 1890 and 3436146?
126
Calculate the greatest common factor of 553060714 and 368.
46
What is the greatest common divisor of 45885 and 33465?
345
Calculate the highest common factor of 1283900 and 41625.
925
Calculate the highest common factor of 1628 and 14262020.
148
Calculate the greatest common divisor of 15500403 and 465.
93
What is the highest common divisor of 3074022 and 882?
126
Calculate the highest common factor of 22958740 and 14.
14
Calculate the highest common factor of 459661 and 8131.
173
Calculate the highest common divisor of 446349920 and 64.
32
Calculate the highest common divisor of 253 and 1009998.
11
What is the highest common divisor of 600 and 221205?
15
Calculate the highest common divisor of 37880 and 67220.
20
What is the greatest common factor of 2429972 and 12?
4
What is the highest common factor of 23498 and 2950515?
379
What is the greatest common factor of 205 and 15615629?
41
What is the greatest common factor of 28594069 and 2527?
133
What is the highest common factor of 93545 and 3370091?
353
Calculate the greatest common divisor of 453230962 and 166.
166
What is the highest common divisor of 69 and 511912541?
23
What is the greatest common divisor of 65340 and 110781?
297
What is the greatest common factor of 15068001 and 8364?
51
Calculate the greatest common factor of 20 and 864410.
10
Calculate the highest common factor of 225084932 and 16908.
5636
What is the highest common divisor of 22 and 252669835?
11
Calculate the highest common factor of 35089648 and 352.
176
What is the greatest common factor of 21777 and 85827?
1281
What is the highest common factor of 965 and 64771765?
965
Calculate the highest common divisor of 1431688545 and 1554.
777
What is the greatest common divisor of 58586 and 1364?
22
What is the highest common factor 